 5*c - 75. Let f(o) = o**3 - 3*o**2 - 10*o + 84. Let j be f(-4). Calculate h(j).
-15
Suppose 0 = -f - 5*i + 188, -3*f - 2*f = 4*i - 1045. Let r(v) = v + f + 2*v - 433 + 212. Give r(6).
10
Let r(y) = 7*y**2 - 192*y + 85. Let l be r(27). Let j(c) = 3 + 2*c + 7 - 3*c - 3*c - c**2. Determine j(l).
-22
Suppose -2*y = -5*n + 52, 0*n + n = y + 14. Let b(p) = -p**3 - 29*p + 9*p**2 + 0*p**3 + 23*p - 15. Determine b(n).
1
Suppose -2 = a - 2*z - 1, 4*a = 5*z - 1. Let p(h) = -4*h - 1. Let l(d) = -24*d - 3. Let g(o) = 2*l(o) - 9*p(o). What is g(a)?
-9
Let a(f) = -61*f**2 - 3*f + 2. Let j(x) = x**3 - 16*x**2 + 28*x + 1. Let g be j(14). Give a(g).
-62
Suppose -75*y - 130 - 170 = 0. Let n(s) = 5 - 5*s**2 + 0*s - 6*s + 0. Let j(t) = -11*t**2 - 13*t + 11. Let h(o) = y*j(o) + 9*n(o). What is h(-3)?
-2
Let q(d) = -d**3 + 6*d**2 + d + 6. Let y be 6 - 0 - 5*(-12)/(-30). Suppose 0 = t + t - 4*a - 22, -y*t + 36 = -4*a. Calculate q(t).
-36
Let d(h) be the second derivative of -h**4/12 - 11*h**3/6 - 9*h**2/2 - 15912*h. Let p(w) = -w**2 + 3*w + 2. Let f be p(-2). Give d(f).
15
Let m(h) = -h**3 - 2*h**2 + 4*h. Let c be m(-3). Let i(s) = -584*s**2 + 2359*s**2 - 591*s**2 - 596*s**2 - 589*s**2. Give i(c).
-9
Let b = 19 - 34. Let y(n) = 99*n**2 - 26*n - 45. Let s(k) = 10*k**2 - k - 3. Let g(x) = -10*s(x) + y(x). Give g(b).
0
Let a(i) be the first derivative of i**4/4 - i**3/3 - i**2/2 - 2*i + 827. What is a(-3)?
-35
Let p(c) = 194 - 41589*c + 83137*c - 41575*c. What is p(7)?
5
Suppose -2*h + r = -0*h - 1, 5*h - 40 = -5*r. Suppose h*l - 324 = -9*l. Let n = l + -32. Let u(x) = 2*x + 3. Give u(n).
-7
Let v(l) = -l**3 + 178*l**2 - 23*l + 4089. Let d be v(178). Let h(q) be the second derivative of -q**4/12 - 2*q**3/3 + 3*q**2/2 - q. Calculate h(d).
-2
Let t(n) = 21*n + 98. Let c be t(-5). Let m(w) = w**2 + 6*w + 3. Give m(c).
10
Let y(b) be the second derivative of 0 - 1/12*b**4 + 5/6*b**3 - 63*b - 3/2*b**2. Let a(s) = -s**3 - s**2. Let q be a(-2). What is y(q)?
1
Let b = -13213 + 13207. Let o(p) be the first derivative of p**2/2 + p - 1. Give o(b).
-5
Let b(j) be the third derivative of j**5/60 + 5*j**4/12 + 5*j**3/3 - 83*j**2 - 2. Give b(-8).
-6
Let l(y) = -y + 7*y + 4*y - 13 - 8*y. Let m(n) = 6*n - 38. Let p(w) = 17*l(w) - 6*m(w). Give p(7).
-7
Let k be (22/12 - (-92)/(-69))*-16. Let g(t) = -t**2 - 2*t + 10. Calculate g(k).
-38
Let w = 16709/24 + -696. Let d(x) be the third derivative of 7/60*x**5 + 10*x**2 + 0 + 0*x + 1/120*x**6 - 2/3*x**3 + w*x**4. What is d(-6)?
2
Let t(s) = s**3 - 82*s**2 + 7*s + 2. Let n(d) = 24*d**2 - d. Let k(b) = 3*n(b) + t(b). Determine k(4).
-78
Suppose -5*m - 4 - 34 = -3*g, 5*g + m = 26. Let u(q) = -q**3 + 9*q**2 - 13*q - 11. Determine u(g).
19
Let b(x) be the third derivative of -3*x**4/8 - 25*x**3/6 + x**2 + 157. Calculate b(-4).
11
Let y(q) be the second derivative of -5*q**3/6 + 63*q**2/2 + 216*q - 2. What is y(12)?
3
Let h = -17 - -22. Let a be ((-1 + 1)/((-4)/2))/(-1). Suppose h*x - 3*y - 14 = a, 2*y = x + 3*y + 2. Let u(o) = -o**3. Give u(x).
-1
Let m(x) = -x**2 + x + 1. Let v(s) = -2*s**2 + 3*s - 13. Let g(o) = 3*m(o) - v(o). Let d(n) be the first derivative of g(n). Calculate d(-1).
2
Let q(m) be the second derivative of -m**3/2 + 1025*m. Suppose 5*p - 40 + 0 = 2*d, 2*p - 5 = 3*d. Suppose -4*f - p = f. Determine q(f).
6
Let y(j) = 4*j**3 - 2*j**2 + 3*j - 2. Let w be 6 + 45/(-8) + 63/24. Give y(w).
97
Let v(o) = 211*o**3 - 102*o**3 - 5*o + 114 - 111*o**3 - 105. Determine v(3).
-60
Let c(h) = -h + 1. Suppose -355*f = -363*f - 1976. Let w = -245 - f. Determine c(w).
-1
Let n(j) = -5*j**3 - 8*j**2 - 11*j + 25. Let u(o) = 2*o**3 + 3*o**2 + 4*o - 8. Let m(b) = 3*n(b) + 8*u(b). Let v be 0/(9 + (-14)/4*(-2 - -4)). What is m(v)?
11
Suppose -70*x = 74 + 100 + 36. Let u(v) = -3 + 2 + 4 + 2*v. What is u(x)?
-3
Let u(m) be the third derivative of -m**6/60 + m**5/20 - 5*m**4/24 + 13*m**3/6 + 226*m**2 + 4*m. Give u(3).
-29
Let m(a) = 3*a**2 + 17*a - 17. Let q(i) = -2*i**2 - 11*i + 11. Let p be 4/(-1) + 7 + -8. Let t(o) = p*m(o) - 8*q(o). Let w = -93 + 95. Give t(w).
7
Let j(d) = d**2 - d - 2. Let h(c) = c**3 - 10*c**2 + 5*c - 2. Let a be h(10). Suppose -16*r + a = -8*r. Suppose -5*k - r = -7*k. Determine j(k).
4
Let c(a) = -21*a**2 - 10*a - 1 + 20*a**2 + 6 - 27. Calculate c(-5).
3
Let r(y) = y + 1. Suppose 0 = 2*c + 3 - 5. Let s be (-253)/(-44) + c/4. Let m be s/(-8) + 176/64. Determine r(m).
3
Let m = -17 + 19. Suppose 82 = -m*j + u, 223 = 2*j - 7*j - 2*u. Let d = j - -52. Let h(k) = -k**3 + 9*k**2 - k + 8. Determine h(d).
-1
Let h(r) = 9*r + 10 - 75*r**2 + 85*r**2 + 5*r**3 - 3*r**3. What is h(-4)?
6
Let b(h) be the first derivative of 5*h**2/2 - 9*h + 404. Calculate b(1).
-4
Let i(b) = 6*b + 2. Let a(v) = -2*v**2 + 32*v + 11. Let z(h) = -a(h) + 6*i(h). Let j(f) = f - 1. Let x be j(-3). Determine z(x).
17
Let a(l) = -3*l - 141. Let m(u) = -18. Let f(z) = a(z) - 4*m(z). Calculate f(-23).
0
Suppose 120*t + 1000 = 130*t. Suppose 102*c - t*c = -8. Let o(f) = 2*f**3 + 6*f**2 + 3*f - 1. What is o(c)?
-45
Let l(a) be the second derivative of -5*a**4/12 + a**3/3 + 7*a**2/2 - 6*a + 7. Let c(m) = -2*m**2 + 2. Let j(x) = 8*c(x) - 3*l(x). Determine j(-4).
3
Let h(x) = 1 - 6*x**2 + 9*x**2 - 2*x**2. Let w = -76 - -84. Suppose 9*d = d - w. Determine h(d).
2
Suppose h - 5*i - 174 = 0, -206 = -2*h - i + 175. Let k = 190 - h. Let r(u) = -2*u**2 - 6*u**2 + 12*u**2 + 11*u**3 - 5*u**2. Calculate r(k).
10
Let w(l) be the second derivative of -l**5/20 + l**4/2 - l**3/2 - 5*l**2/2 + 1351*l. Give w(5).
5
Let n(t) = t - 7. Let v(z) = 2*z + 18. Let s be (-2)/(-12) + (-13)/78. Suppose 5*r = -s*u + 5*u + 45, 4*r + 9 = -u. Let x be v(u). Calculate n(x).
-7
Let u(j) = j + 13. Let w = -860 + 1542. Let o be w/(-165) - 6/(-45). Give u(o).
9
Let i be 8/(-16) - (-33)/2. Let h = i - 14. Let v(k) = 2*k - 2*k**2 + 1 + 3*k**2 + 7*k - h*k. Calculate v(-6).
-5
Let w be (6/2)/(1 + 0). Let o(m) = m**3 - 17*m**2 - 11*m + 27. Let q be o(-2). Let f be 1 + 37/w + 36/q. Let k(r) = -r**3 + 13*r**2 - 11*r - 12. Give k(f).
0
Let d be (2/(-5)*1)/((-144)/7920). Let o(v) = 2*v**2 - 48*v + 72. Give o(d).
-16
Let r(d) = d + 1. Let c = -1470 - -843. Let j = c - -618. Determine r(j).
-8
Let r(f) = -f**3 - 4*f**2 + 8*f - 10. Let b be (6 + -1)*-3*2/6. Calculate r(b).
-25
Let u be (0 + -5)*(-18)/(35 - 17). Let l(v) = 10*v + 2. Give l(u).
52
Suppose 11 = 2*v - 5*r, 2*v - 20 = -4*r - 0. Let d(m) = -m**3 + 7*m**2 + 6*m + 6. Let a(t) = -t**3 + 7*t**2 + 6*t + 5. Let f(i) = 4*a(i) - 5*d(i). Give f(v).
6
Let m(j) be the second derivative of -j**5/10 + 13*j**4/12 - 4*j**3/3 + 5*j**2 + 1132*j. What is m(6)?
-2
Suppose -6142*h = -6143*h - 4. Let f(n) = -n**3 - 4*n**2 + 9. Give f(h).
9
Suppose 0 = n + 2*f + 6, 2*f - 23 = 5*n + 5*f. Let x be (-1)/(n/4) + -4. Let d be x/(-6) + ((-2)/(-2))/(-2). Let p(a) = a**3 + a - 19. What is p(d)?
-19
Let a(v) = 3*v - 7. Suppose -652*n + 1711 = -7417. What is a(n)?
35
Let g(u) = -u**3 + 7*u**2 + 2*u - 9. Suppose 6*y + 43 = -11. Let r(f) = -7*f - 10. Let p be r(y). Let w = p - 46. Give g(w).
5
Suppose i + 20 = 6*i. Let d(l) = 93*l**2 + 3 - 4*l + 96*l**2 - 2*l - 188*l**2. What is d(i)?
-5
Let b(f) = 0*f + 3*f - 13 + 12. Let k(m) = -5*m**3 + 15*m**2 - 5*m + 11. Let q be k(3). What is b(q)?
-13
Suppose -54 + 22 = -16*a. Suppose c = r - 3*r, -a = r. Let d(h) = 0*h - 3*h + 5 + 4*h. Calculate d(c).
9
Let u(o) = -o**3 + 9*o**2 + 10*o - 4. Suppose s - 14 + 12 = 0. Suppose s*f = 16 + 4. Determine u(f).
-4
Let z(q) be the third derivative of -q - 9*q**2 - 2/15*q**5 + 7/24*q**4 + 1/6*q**3 + 1/120*q**6 + 0. Give z(5).
-39
Suppose -198*k + 126 = -195*k. Let w(i) = -28 - 14 + k + i. Determine w(1).
1
Let c(r) = -r**3 - 7*r**2 + 1. Suppose -z = 5*g - 20, 3*g - 8 - 4 = z. Suppose -3*i - 27 = 3*v, -4*i + g*v - 9*v = 38. Determine c(i).
1
Let i(n) = 2*n + 3. Let h(w) = -2*w - 2. Let r(c) = 6*h(c) + 7*i(c). Let m = -12121 + 12114. Give r(m).
-5
Let s(y) = -5 + 3 + y**3 + 3*y**2 + y + 2 + 5. Suppose 0 = -4*a + 5*p + 4, -2*a + 2*p - 4*p = 16. Give s(a).
-15
Let h(s) = 3*s**3 + 6*s**2 + 28*s + 12. Let r(z) = -z**3 - 2*z**2 - 13*z - 6. Let m(w) = -2*h(w) - 5*r(w). Give m(-4).
2
Let u(n) = -2*n + n + 14 - 32 + 0*n + 19. Let i = -64 - -65. Determine u(i).
0
Suppose 1700 = -2*y + 816. Let u = 445 + y. Let l(o) = 